False
Is 219101 prime?
False
Is 62191 composite?
False
Is 68711 a prime number?
True
Is 40871 a composite number?
True
Is 29753 prime?
True
Is 11873 a prime number?
False
Is 111761 a prime number?
False
Is 8461 a prime number?
True
Is 16501 a prime number?
False
Is 60179 composite?
True
Is 4101 prime?
False
Is 7043 prime?
True
Is 61157 a composite number?
True
Is 2917 a prime number?
True
Is 6805 composite?
True
Is 478913 composite?
False
Is 590981 composite?
True
Is 23915 a composite number?
True
Is 233929 composite?
True
Is 2705503 a composite number?
True
Is 4421 a prime number?
True
Is 25733 a composite number?
False
Is 3545 a composite number?
True
Is 3793 a prime number?
True
Is 168479 a prime number?
False
Is 11579 composite?
False
Is 104069 a composite number?
True
Is 1678709 a prime number?
False
Is 62081 a composite number?
False
Is 111317 prime?
True
Is 6247 composite?
False
Is 5923 composite?
False
Is 7952129 composite?
False
Is 265511 composite?
False
Is 20021 prime?
True
Is 11821 a composite number?
False
Is 11783 a composite number?
False
Is 610817 prime?
True
Is 544471 prime?
True
Is 2000581 prime?
False
Is 8501 composite?
False
Is 524831 composite?
False
Is 262481 composite?
True
Is 124969 a composite number?
True
Is 1282079 prime?
True
Is 109937 a composite number?
False
Is 13343 a composite number?
True
Is 18254 composite?
True
Is 295259 a prime number?
True
Is 133769 a composite number?
False
Is 2314659 composite?
True
Is 94933 composite?
False
Is 1461715 a prime number?
False
Is 187337 prime?
True
Is 244339 prime?
True
Is 11597 a composite number?
False
Is 43093 a prime number?
True
Is 217619 a composite number?
False
Is 253841 a composite number?
True
Is 53 a prime number?
True
Is 99707 a prime number?
True
Is 8549 prime?
False
Is 70607 a composite number?
False
Is 23367 composite?
True
Is 110243 a composite number?
True
Is 4153 a prime number?
True
Is 11777 prime?
True
Is 29779 a composite number?
True
Is 13373 a composite number?
True
Is 5177 prime?
False
Is 108743 composite?
True
Is 2939 composite?
False
Is 367819 prime?
True
Is 1450883 prime?
False
Is 142343 a prime number?
False
Is 54721 prime?
True
Is 946769 a composite number?
False
Is 4871 prime?
True
Is 1141 prime?
False
Is 786829 a composite number?
False
Is 1361 composite?
False
Is 731921 a prime number?
True
Is 27427 prime?
True
Is 2459 a composite number?
False
Is 59263 a prime number?
True
Is 627061 prime?
False
Is 18583 a prime number?
True
Is 466577 a composite number?
True
Is 140891 prime?
True
Is 349903 composite?
False
Is 1007693 composite?
False
Is 2157 a composite number?
True
Is 827557 a composite number?
True
Is 274679 a composite number?
False
Is 2787 composite?
True
Is 1174361 a composite number?
False
Is 6181 a composite number?
True
Is 360599 prime?
False
Is 25439 a prime number?
True
Is 4451 a composite number?
False
Is 14743 composite?
True
Is 38039 prime?
True
Is 325067 a prime number?
False
Is 18829 prime?
False
Is 61403 a composite number?
False
Is 39707 composite?
True
Is 108005 prime?
False
Is 30145 composite?
True
Is 6143 a prime number?
True
Is 3953 composite?
True
Is 2903 a prime number?
True
Is 1441 a prime number?
False
Is 549431 prime?
True
Is 41774 a composite number?
True
Is 328931 a composite number?
False
Is 180106 a prime number?
False
Is 13963 prime?
True
Is 101789 composite?
False
Is 11573 composite?
True
Is 53231 prime?
True
Is 1459 a prime number?
True
Is 30089 prime?
True
Is 4911 composite?
True
Is 4117 a composite number?
True
Is 3163 composite?
False
Is 262445 a prime number?
False
Is 14851 prime?
True
Is 1513 composite?
True
Is 16495 prime?
False
Is 14591 prime?
True
Is 8267 composite?
True
Is 89497 composite?
True
Is 64667 a prime number?
True
Is 529 a prime number?
False
Is 1471 composite?
False
Is 393163 prime?
False
Is 256831 a composite number?
False
Is 80599 composite?
False
Is 28343 composite?
True
Is 1056203 a composite number?
False
Is 2369537 prime?
True
Is 2476307 a prime number?
True
Is 407661 prime?
False
Is 1061 composite?
False
Is 46589 composite?
False
Is 12637 composite?
False
Is 119671 composite?
False
Is 5153 composite?
False
Is 15115 prime?
False
Is 53903 a composite number?
True
Is 146447 prime?
False
Is 47903 composite?
False
Is 112501 a prime number?
True
Is 15551 a prime number?
True
Is 1443899 a composite number?
False
Is 214823 a prime number?
False
Is 56243 a prime number?
False
Is 28361 a prime number?
False
Is 746693 prime?
False
Is 6089 composite?
False
Is 17939 composite?
False
Is 437 prime?
False
Is 625343 prime?
True
Is 775147 prime?
True
Is 98849 a prime number?
True
Is 420333 composite?
True
Is 34793 prime?
False
Is 154319 a prime number?
False
Is 1078109 a composite number?
False
Is 116531 a prime number?
True
Is 901027 a composite number?
True
Is 44921 a prime number?
False
Is 7331 a prime number?
True
Is 11665 prime?
False
Is 191171 a composite number?
True
Is 385873 a composite number?
True
Is 37117 prime?
True
Is 4571 composite?
True
Is 104513 a composite number?
False
Is 75079 prime?
True
Is 176573 prime?
True
Is 159833 prime?
True
Is 96697 a prime number?
True
Is 13249 a composite number?
False
Is 263759 prime?
True
Is 31531 a composite number?
False
Is 44221 a composite number?
False
Is 86017 prime?
True
Is 396137 a composite number?
True
Is 205187 composite?
False
Is 44351 composite?
False
Is 68883 composite?
True
Is 7151 a prime number?
True
Is 23957 a composite number?
False
Is 9647 a prime number?
False
Is 15419 composite?
True
Is 19477 prime?
True
Is 7631 composite?
True
Is 5077 composite?
False
Is 8563 a composite number?
False
Is 184543 a prime number?
False
Is 721667 a composite number?
True
Is 129029 composite?
True
Is 1259 a composite number?
False
Is 5087 prime?
True
Is 40091 a prime number?
False
Is 17233 a composite number?
True
Is 328742 prime?
False
Is 51749 prime?
True
Is 51929 a composite number?
False
Is 567527 prime?
True
Is 190489 prime?
False
Is 158869 composite?
True
Is 94193 a composite number?
True
Is 437 a composite number?
True
Is 13069 composite?
True
Is 2909 composite?
False
Is 16735 prime?
False
Is 386621 a composite number?
False
Is 1643 a prime number?
False
Is 117101 prime?
True
Is 350213 a composite number?
False
Is 13829 a composite number?
False
Is 528373 prime?
True
Is 38749 a prime number?
True
Is 389581 a composite number?
True
Is 9199 a prime number?
True
Is 55987 composite?
False
Is 1969 a prime number?
False
Is 3513 composite?
True
Is 54803 a prime number?
False
Is 54601 a prime number?
True
Is 1803419 a composite number?
False
Is 127513 a prime number?
False
Is 120319 a prime number?
True
Is 38747 a prime number?
True
Is 696431 composite?
True
Is 196853 prime?
True
Is 479 a composite number?
False
Is 8609 a prime number?
True
Is 1771261 a composite number?
False
Is 11213 a composite number?
False
Is 269117 a composite number?
False
Is 8033 prime?
False
Is 97471 composite?
True
Is 1471 composite?
False
Is 194131 prime?
False
Is 543871 prime?
True
Is 1523 composite?
False
Is 7121 prime?
True
Is 103009 prime?
False
Is 509857 a composite number?
True
Is 1685951 composite?
False
Is 37057 a prime number?
True
Is 166087 a composite number?
True
Is 1129595 a composite number?
True
Is 1219 a composite number?
True
Is 435103 prime?
True
Is 6547 a composite number?
False
Is 43391 a prime number?
True
Is 213398 composite?
True
Is 147977 a composite number?
False
Is 69349 a composite number?
True
Is 879 prime?
False
Is 380417 composite?
False
Is 145067 a composite number?
True
Is 138239 composite?
False
Is 2053 composite?
False
Is 82607 prime?
False
Is 637953 a prime number?
False
Is 205393 composite?
True
Is 220551 a composite number?
True
Is 80167 composite?
False
Is 7057 composite?
False
Is 6353 a prime number?
True
Is 88931 composite?
True
Is 2735 a prime number?
False
Is 13613 a prime number?
True
Is 164665 a prime number?
False
Is 127 prime?
True
Is 1344446 a prime number?
False
Is 35591 a composite number?
False
Is 322673 composite?
True
Is 377 composite?
True
Is 7341 prime?
False
Is 89945 composite?
True
Is 4713 prime?
False
Is 1263331 prime?
True
Is 23369 composite?
False
Is 94609 prime?
False
Is 1385 prime?
False
Is 739207 prime?
Fals